 269. What is w(7)?
17
Let a(s) = 3*s**2 + 124*s - 295. Give a(-44).
57
Let y(j) = 4*j**3 + 19*j**2 - 53*j - 342. Give y(-5).
-102
Let p(n) = -n**3 - 14*n**2 - 36*n. Calculate p(-9).
-81
Let h(x) = -x**3 + 23*x**2 + 159*x - 3656. Determine h(23).
1
Let p(g) = -6*g**2 - 17*g - 74. Calculate p(-5).
-139
Let q(m) = -2*m**3 - 22*m**2 + 52*m - 15. Calculate q(-13).
-15
Let m(u) = 3*u**2 + 2*u - 529. Determine m(14).
87
Let y(s) = -s**2 + 21*s - 87. What is y(5)?
-7
Let d(j) = 42*j + 651. What is d(-11)?
189
Let w(b) = -5*b**2 + 4*b - 22. Calculate w(4).
-86
Let p(a) = a**3 - 107*a**2 + 315*a - 258. What is p(104)?
54
Let r(k) = -k**3 - 354*k**2 - 3098*k + 2414. Give r(-345).
-1
Let a(y) = -656*y + 96. What is a(1)?
-560
Let r(j) = 3*j**2 - 12*j + 89. Determine r(6).
125
Let s(n) = -87*n - 1163. Calculate s(-14).
55
Let n(o) = -23*o**3 + 2*o**2 - 5. Calculate n(0).
-5
Let f(o) = -o**3 + 3*o**2 - 7*o - 7. What is f(-5)?
228
Let z(o) = -o**2 - 34*o + 104. Determine z(-32).
168
Let a(o) = -12*o - 1349. Calculate a(-112).
-5
Let g(s) = -s**3 + 49*s**2 - s + 81. Give g(49).
32
Let f(h) = 30*h**3 - 8*h - 5. Calculate f(-2).
-229
Let m(r) = -4*r**2 - 16*r - 39. Give m(-8).
-167
Let l(i) = -1612*i - 1608. Calculate l(-1).
4
Let t(u) = -2*u**2 + 88*u + 280. Calculate t(47).
-2
Let b(m) = -48*m - 46. Calculate b(-3).
98
Let k(z) = z**3 + 6*z**2 - 7*z + 71. Calculate k(-8).
-1
Let o(b) = 30*b**3 + 2*b**2 - 28*b - 28. Give o(-1).
-28
Let b(f) = 2*f**3 + 52*f**2 - 21*f - 527. Calculate b(-26).
19
Let g(k) = 62*k - 18. Calculate g(5).
292
Let v(o) = -4*o**3 + 82*o**2 + 47*o - 112. Give v(21).
-7
Let h(f) = 12*f**2 + 84*f + 6. Determine h(-7).
6
Let m(c) = 16*c**2 + 910*c - 909. Determine m(1).
17
Let w(r) = -191*r**2 + 18*r - 16. Calculate w(1).
-189
Let r(p) = p**3 - 30*p**2 + 57*p - 1722. Calculate r(30).
-12
Let x(w) = w**3 + 3*w**2 - 24*w - 30. Calculate x(-6).
6
Let o(f) = -f**2 - 79*f + 1310. Calculate o(14).
8
Let d(j) = -j**2 + 5*j + 196. What is d(-17)?
-178
Let c(o) = -2*o**3 + 121*o**2 - 180*o - 5. Calculate c(59).
-182
Let v(n) = -n**3 + 156*n**2 + 158*n - 176. Give v(157).
-19
Let j(f) = -f**2 + 34*f + 248. What is j(41)?
-39
Let u(p) = p**3 - 12*p**2 + 13*p + 16. Give u(7).
-138
Let x(r) = -r**2 - 43*r - 2. What is x(-26)?
440
Let r(y) = y**3 - 143*y**2 + 141*y + 157. Give r(142).
15
Let c(h) = -h**3 - 21*h**2 + 37*h + 21. Give c(-23).
228
Let x(y) = -33*y - 1526. Determine x(-46).
-8
Let l(h) = h**3 - 24*h**2 - 270*h + 6916. Calculate l(22).
8
Let p(q) = -2*q**3 + 155*q**2 - 925*q + 158. Calculate p(71).
16
Let m(c) = 100*c + 619. What is m(-6)?
19
Let l(b) = -b**3 - 71*b**2 - 394*b - 194. Calculate l(-65).
66
Let d(i) = -53*i - 2539. What is d(-50)?
111
Let l(r) = 134*r + 88. What is l(-1)?
-46
Let l(h) = h**3 + 8*h**2 + 4*h - 6. Calculate l(-6).
42
Let i(l) = -l**3 - 20*l**2 - 8*l - 37. Determine i(-19).
-246
Let c(i) = 25*i - 628. What is c(11)?
-353
Let z(b) = 136*b + 24. Calculate z(3).
432
Let q(x) = -10*x**2 - 759*x + 48. Give q(-76).
-28
Let q(d) = -156*d + 2184. Determine q(14).
0
Let n(r) = 161*r**3 - 2*r**2 + 4*r - 3. What is n(1)?
160
Let z(o) = o**3 + 173*o**2 + 2514*o + 312. Determine z(-157).
-2
Let y(i) = i**2 - 93*i + 606. Determine y(7).
4
Let h(g) = 2*g**3 + 28*g**2 - 14*g - 214. Calculate h(-14).
-18
Let c(h) = 9*h - 103. What is c(-4)?
-139
Let i(t) = 7*t**2 + 81*t - 583. What is i(5)?
-3
Let i(v) = -85*v - 19241. Determine i(-227).
54
Let f(s) = 26*s**2 + 237*s - 557. Calculate f(-11).
-18
Let p(z) = 523*z + 30312. Calculate p(-58).
-22
Let n(g) = -2*g**3 + 15*g**2 - 3*g + 107. What is n(8)?
19
Let b(l) = 2*l**2 - 8*l + 41. Give b(3).
35
Let s(w) = 4*w**3 + 105*w**2 - 80*w + 35. What is s(-27)?
8
Let o(r) = -553*r**2 + 1654*r - 5. Calculate o(3).
-20
Let n(k) = k**3 - 13*k**2 + 7*k - 27. Calculate n(13).
64
Let c(n) = -131*n + 11264. Determine c(86).
-2
Let m(v) = 3*v - 62. Give m(12).
-26
Let y(q) = -2656*q + 39830. What is y(15)?
-10
Let v(b) = 2*b**2 + 36*b - 33. Calculate v(-18).
-33
Let p(d) = d**2 - 67*d + 23. What is p(66)?
-43
Let z(k) = -19*k**3 - 69*k**2 - 27*k + 3. What is z(-3)?
-24
Let q(p) = 523*p - 9942. What is q(19)?
-5
Let s(w) = -6*w - 51. Determine s(8).
-99
Let j(x) = 396*x + 510. Give j(1).
906
Let d(p) = 11*p + 20. Give d(-4).
-24
Let o(b) = 32*b + 592. Give o(-18).
16
Let m(i) = 148*i**2 + 298*i + 4. Give m(-2).
0
Let i(l) = 2*l**3 - 20*l**2 - 37*l + 146. What is i(11)?
-19
Let r(c) = c**2 - 45*c + 230. Calculate r(39).
-4
Let k(i) = -i**3 + 42*i + 158. Give k(-5).
73
Let l(f) = -2*f**3 - 294*f**2 - 848*f + 2298. What is l(-144)?
-6
Let f(c) = -c**2 - 25*c + 502. Give f(-42).
-212
Let l(j) = -95*j - 166. Determine l(-7).
499
Let a(n) = 70*n + 1642. Determine a(-23).
32
Let u(q) = 246*q + 1501. Give u(-7).
-221
Let r(k) = -k**2 + 136*k - 3168. What is r(106)?
12
Let f(x) = -349*x + 575. Determine f(2).
-123
Let z(v) = 13*v + 46. What is z(-17)?
-175
Let j(r) = 4*r**2 + 15*r + 20. Determine j(9).
479
Let p(u) = -u**3 + 86*u**2 - 85*u - 3. Give p(85).
-3
Let v(l) = 441*l - 2201. Determine v(5).
4
Let p(y) = -473*y - 30717. Calculate p(-65).
28
Let f(a) = a**3 - 112*a**2 - 950*a + 84. Calculate f(-8).
4
Let m(y) = y**3 - 18*y**2 - 40*y - 100. What is m(20)?
-100
Let o(i) = 3*i - 119. Give o(-15).
-164
Let k(w) = -w**3 - 65*w**2 - 252*w - 509. Calculate k(-61).
-21
Let g(y) = 119*y - 471. What is g(4)?
5
Let p(h) = -2*h**3 + 36*h**2 + 45*h - 7. Calculate p(19).
126
Let k(a) = -a**2 + 69*a - 651. Give k(55).
119
Let i(f) = -5*f**3 - 3*f**2 - f + 10. What is i(-4)?
286
Let r(s) = -2*s**2 - 165*s - 3405. Calculate r(-42).
-3
Let i(h) = 73*h + 626. Give i(-9).
-31
Let w(f) = -735*f + 8836. Determine w(12).
16
Let m(j) = -2*j**2 - 30*j + 176. Give m(-21).
-76
Let k(i) = -4*i**2 - 5*i + 13. Give k(2).
-13
Let u(x) = x**3 + 32*x**2 - 42*x - 15. Calculate u(-33).
282
Let k(d) = 12*d - 90. Determine k(0).
-90
Let w(v) = -139*v + 3075. Give w(21).
156
Let d(j) = j**3 - 3*j**2 - 21*j + 16. Calculate d(8).
168
Let q(k) = 11*k - 184. What is q(26)?
102
Let g(z) = -3*z**2 + 119*z + 94764. What is g(-159)?
0
Let a(x) = -2*x**3 + x**2 + 276*x + 4. Calculate a(12).
4
Let k(q) = -q**3 - 14*q**2 - 4*q + 37. Give k(-9).
-332
Let z(m) = -2126*m + 87166. Determine z(41).
0
Let r(i) = -11*i**2 - 27*i - 41. What is r(-9)?
-689
Let q(k) = 20*k - 35. Calculate q(4).
45
Let n(i) = -9*i**3 - 72*i**2 - 2*i - 18. Give n(-8).
-2
Let v(c) = -129*c - 261. Give v(-2).
-3
Let a(t) = 41*t + 441. What is a(-10)?
31
Let r(w) = -w**2 + 26*w - 181. Give r(6).
-61
Let x(g) = g**2 + 8*g - 1471. What is x(-44)?
113
Let u(p) = -100*p + 141. What is u(3)?
-159
Let n(o) = 967*o + 6780. What is n(-7)?
11
Let r(f) = f**2 - 2*f - 1461. Determine r(39).
-18
Let z(h) = -19*h - 126. Determine z(-16).
178
Let x(q) = -q**2 - 85*q - 527. Calculate x(-7).
19
Let l(u) = -267*u - 8. What is l(0)?
-8
Let g(z) = 37*z**2 - 25*z + 83. Calculate g(3).
341
Let t(z) = 3375*z + 3415. Determine t(-1).
40
Let h(y) = y**3 - 9*y**2 - 5*y + 141. Calculate h(7).
8
Let d(z) = -62*z - 59. Calculate d(-1).
3
Let f(k) = k**3 + 34*k**2 - 66*k + 233. Calculate f(-36).
17
Let m(p) = -p**2 + 754*p + 6081. Determine m(-8).
-15
Let g(k) = -86*k + 822. Give g(10).
-38
Let n(z) = -z**3 - 100*z**2 + 98*z - 307. Calculate n(-101).
-4
Let u(j) = -45*j - 8. What is u(-2)?
82
Let v(s) = 17*s**2 - 15*s + 13. Calculate v(2).
51
Let f(r) = r**3 - 28*r**2 + 230*r - 453. Give f(12).
3
Let v(l) = -21*l**3 - 9*l**2 + 3. Calculate v(1).
-27
Let k(s) = 3*s**2 - 43*s - 89. Give k(16).
-9
Let o(n) = 15*n**3 + 7*n**2 + 28*n + 48. Give o(-3).
-378
Let x(n) = n**3 - 19*n**2 + 182*n - 4720. Determine x(21).
-16
Let b(l) = -l**3 + 4*l**2. Give b(4).
0
Let z(q) = q**3 + 5*q**2 + 214*q + 1280. Give z(-6).
-40
Let k(t) = 49*t + 1179. Give k(-24).
3
Let l(d) = 5*d**2 - 238*d + 1406. Give l(7).
-15
Let v(k) = k**3 - 9*k**2 - 4*k + 28. What is v(9)?
-8
Let q(o) = -12*o**2 - 8*o + 15. Determine q(-2).
-17
Let j(x) = x**2 + 112*x + 2314. Determine j(-28).
-38
Let z(d) = -2*d**2 + 94*d + 363. Calculate z(-4).
-45
Let o(h) = 3*h**2 - 134*h - 9066. Determine o(-37).
-1
Let z(a) = 8*a**2 + 286*a - 77. What is z(-36)?
-5
Let v(x) = -17*x - 222. Determine v(-11).
-35
Let l(w) = w**3 - w**2 - 112*w + 15. Give l(11).
-7
L